{"id":1284,"date":"2023-03-21T15:59:57","date_gmt":"2023-03-21T13:59:57","guid":{"rendered":"http:\/\/nagybanhegyes.hu\/w\/?page_id=1284"},"modified":"2023-03-21T15:59:57","modified_gmt":"2023-03-21T13:59:57","slug":"top_plusz-2-1-1-21-bs1-2022-00026-muvelodesi-haz-energetikai-korszerusitese-nagybanhegyesen","status":"publish","type":"page","link":"http:\/\/nagybanhegyes.hu\/w\/?page_id=1284","title":{"rendered":"TOP_PLUSZ-2.1.1-21-BS1-2022-00026  \u201eM\u0171vel\u0151d\u00e9si h\u00e1z energetikai korszer\u0171s\u00edt\u00e9se Nagyb\u00e1nhegyesen\u201d"},"content":{"rendered":"<a href=\"http:\/\/nagybanhegyes.hu\/w\/wp-content\/uploads\/2023\/03\/TOP_PLUSZ-2.1.1-21-BS1-2022-00026_ALOLDAL_vegleges.pdf\" class=\"pdfemb-viewer\" style=\"\" data-width=\"max\" data-height=\"max\"  data-toolbar=\"bottom\" data-toolbar-fixed=\"off\">TOP_PLUSZ-2.1.1-21-BS1-2022-00026_ALOLDAL_v\u00e9gleges<br\/><\/a>\n","protected":false},"excerpt":{"rendered":"","protected":false},"author":1,"featured_media":0,"parent":403,"menu_order":0,"comment_status":"closed","ping_status":"closed","template":"","meta":{"ngg_post_thumbnail":0,"_links_to":"","_links_to_target":""},"_links":{"self":[{"href":"http:\/\/nagybanhegyes.hu\/w\/index.php?rest_route=\/wp\/v2\/pages\/1284"}],"collection":[{"href":"http:\/\/nagybanhegyes.hu\/w\/index.php?rest_route=\/wp\/v2\/pages"}],"about":[{"href":"http:\/\/nagybanhegyes.hu\/w\/index.php?rest_route=\/wp\/v2\/types\/page"}],"author":[{"embeddable":true,"href":"http:\/\/nagybanhegyes.hu\/w\/index.php?rest_route=\/wp\/v2\/users\/1"}],"replies":[{"embeddable":true,"href":"http:\/\/nagybanhegyes.hu\/w\/index.php?rest_route=%2Fwp%2Fv2%2Fcomments&post=1284"}],"version-history":[{"count":1,"href":"http:\/\/nagybanhegyes.hu\/w\/index.php?rest_route=\/wp\/v2\/pages\/1284\/revisions"}],"predecessor-version":[{"id":1286,"href":"http:\/\/nagybanhegyes.hu\/w\/index.php?rest_route=\/wp\/v2\/pages\/1284\/revisions\/1286"}],"up":[{"embeddable":true,"href":"http:\/\/nagybanhegyes.hu\/w\/index.php?rest_route=\/wp\/v2\/pages\/403"}],"wp:attachment":[{"href":"http:\/\/nagybanhegyes.hu\/w\/index.php?rest_route=%2Fwp%2Fv2%2Fmedia&parent=1284"}],"curies":[{"name":"wp","href":"https:\/\/api.w.org\/{rel}","templated":true}]}}