{"id":153,"date":"2017-05-06T04:36:00","date_gmt":"2017-05-06T04:36:00","guid":{"rendered":"http:\/\/nagybanhegyes.hu\/w\/?page_id=153"},"modified":"2018-05-23T08:31:18","modified_gmt":"2018-05-23T06:31:18","slug":"dokumentumok","status":"publish","type":"page","link":"http:\/\/nagybanhegyes.hu\/w\/?page_id=153","title":{"rendered":"Dokumentumok"},"content":{"rendered":"<div>\n<div class=\"smalltext2\"><\/div>\n<\/div>\n<div>\n<div class=\"smalltext\">\n<div class=\"cpage_body\">\n<p><a href=\"http:\/\/nagybanhegyes.hu\/w\/wp-content\/uploads\/2018\/05\/M\u00e1solat-eredetijeSzallashely_szolgaltatok_nyilvantartasa-Nagyb\u00e1nhegyes.xls\">239\/2009. (X. 20.) Korm. rendelet szerinti adatszolg\u00e1l\u00e1s <\/a><\/p>\n<p><a href=\"http:\/\/www.nagybanhegyes.hu\/elemek\/adatszolg.xlsx\">Adatszolga\u0301ltata\u0301s alapadatba\u0301zis fela\u0301lli\u0301ta\u0301sa\u0301hoz- Nagyba\u0301nhegyes<\/a><\/p>\n<p><a href=\"http:\/\/www.nagybanhegyes.hu\/elemek\/pdf\/juttatasok.pdf\">Nagyb\u00e1nhegyes K\u00f6zs\u00e9g \u00d6nkorm\u00e1nyzata K\u00e9pvisel\u0151-test\u00fclet\u00e9nek 1\/2015.(II. 27.) \u00d6r. sz\u00e1m\u00fa rendelete a telep\u00fcl\u00e9si t\u00e1mogat\u00e1sokr\u00f3l<\/a><\/p>\n<p><a href=\"http:\/\/www.nagybanhegyes.hu\/pagec9f0.html?8\">Nagyb\u00e1nhegyes Rendez\u00e9si Terv<\/a><\/p>\n<p align=\"left\"><a href=\"http:\/\/www.nagybanhegyes.hu\/pdf\/nyilvantartas.pdf\">210\/2009. (IX. 29.) Korm. rendelet alapj\u00e1n vezetett nyilv\u00e1ntart\u00e1s<\/a><\/p>\n<p><a href=\"http:\/\/www.nagybanhegyes.hu\/pdf\/Akozterulethasznalatarolesadijairolszolorendelet.pdf\" name=\"Nagyb\">Nagyb\u00e1nhegyes k\u00f6zs\u00e9g \u00d6nkorm\u00e1nyzat\u00e1nak 7\/1994<br \/>\n.\/VI. 30.\/ sz\u00e1m\u00fa RENDELETE a k\u00f6zter\u00fclet haszn\u00e1lat\u00e1r\u00f3l \u00e9s k\u00f6zter\u00fclet-haszn\u00e1lati d\u00edjr\u00f3l.<\/a><\/p>\n<p><a href=\"http:\/\/www.nagybanhegyes.hu\/pdf\/Elsolakashozjutoktamogatasa.pdf\">Nagyb\u00e1nhegyes K\u00f6zs\u00e9g K\u00e9pvisel\u0151-Test\u00fclet\u00e9nek 1\/2001. (II.16) \u00d6R. sz\u00e1m\u00fa rendelete az els\u0151 lak\u00e1shoz jut\u00f3k helyi t\u00e1mogat\u00e1s\u00e1r\u00f3l.<\/a><\/p>\n<p><a href=\"http:\/\/www.nagybanhegyes.hu\/pdf\/Helsiiparuzesiado.pdf\">Nagyb\u00e1nhegyes k\u00f6zs\u00e9g \u00d6nkorm\u00e1nyzat K\u00e9pvisel\u0151-test\u00fclet\u00e9nek 13\/2007.(XI.30.)\u00d6R. sz\u00e1m\u00fa rendelete a helyi ipar\u0171z\u00e9si ad\u00f3r\u00f3l.<\/a><\/p>\n<p><a href=\"http:\/\/www.nagybanhegyes.hu\/pdf\/kozmuvelodesirendelet.pdf\">Nagyb\u00e1nhegyes k\u00f6zs\u00e9g \u00d6nkorm\u00e1nyzat\u00e1nak 5\/1999. (XI.26.) \u00d6R. sz\u00e1m\u00fa rendelete a helyi<br \/>\nk\u00f6zm\u0171vel\u0151d\u00e9si tev\u00e9kenys\u00e9g\u00e9r\u0151l<\/a><\/p>\n<p><a href=\"http:\/\/www.nagybanhegyes.hu\/pdf\/kozszolgaltatasokarai.pdf\">Nagyb\u00e1nhegyes k\u00f6zs\u00e9g \u00d6nkorm\u00e1nyzat\u00e1nak 6\/2001. (III. 30) \u00d6R. sz\u00e1m\u00fa rendelete az egyes helyi<br \/>\nk\u00f6zszolg\u00e1ltat\u00e1sok \u00e1rainak meg\u00e1llap\u00edt\u00e1s\u00e1r\u00f3l<\/a><\/p>\n<p><a href=\"http:\/\/www.nagybanhegyes.hu\/pdf\/NBHHESZ.pdf\">Nagyb\u00e1nhegyes k\u00f6zs\u00e9g helyi \u00e9p\u00edt\u00e9si szab\u00e1lyzata<\/a><\/p>\n<p><a href=\"http:\/\/www.nagybanhegyes.hu\/pdf\/nepszavazas.pdf\">Nagyb\u00e1nhegyes k\u00f6zs\u00e9g \u00d6nkorm\u00e1nyzata K\u00e9pvisel\u0151-test\u00fclet\u00e9nek 7\/2003. (IV. 25.) \u00d6R. sz\u00e1m\u00fa rendelete a helyi n\u00e9pszavaz\u00e1sr\u00f3l \u00e9s a n\u00e9pi kezdem\u00e9nyez\u00e9sr\u0151l<\/a><\/p>\n<p><a href=\"http:\/\/www.nagybanhegyes.hu\/pdf\/orvosikorzet.pdf\">Nagyb\u00e1nhegyes k\u00f6zs\u00e9g \u00d6nkorm\u00e1nyzat\u00e1nak 8\/2002. (VI. 10.) \u00d6R. sz\u00e1m\u00fa rendelete a telep\u00fcl\u00e9s orvosi k\u00f6rzeteinek meghat\u00e1roz\u00e1s\u00e1r\u00f3l<\/a><\/p>\n<p><a href=\"http:\/\/www.nagybanhegyes.hu\/pdf\/parlagfu.pdf\">Nagyb\u00e1nhegyes K\u00f6zs\u00e9g \u00d6nkorm\u00e1nyzat\u00e1nak 10\/1998.(VIII.28.) \u00d6R sz\u00e1m\u00fa rendelete a parlagf\u0171 terjed\u00e9s\u00e9nek<br \/>\nvisszaszor\u00edt\u00e1s\u00e1ra<\/a><\/p>\n<p><a href=\"http:\/\/www.nagybanhegyes.hu\/pdf\/Rendelettemeto2007.pdf\">Nagyb\u00e1nhegyes k\u00f6zs\u00e9g \u00d6nkorm\u00e1nyzat K\u00e9pvisel\u0151-test\u00fclet\u00e9nek 3\/2007.(II. 16.\u00d6R. sz\u00e1m\u00fa rendelete a temet\u0151kr\u0151l \u00e9s a temetkez\u00e9si tev\u00e9kenys\u00e9gr\u0151l<\/a><\/p>\n<p><a href=\"http:\/\/www.nagybanhegyes.hu\/pdf\/Rendeletvagyon2007.pdf\">Nagyb\u00e1nhegyes k\u00f6zs\u00e9g \u00d6nkorm\u00e1nyzata K\u00e9pvisel\u0151-test\u00fclet\u00e9nek 7\/2007. (IV. 20.) \u00d6R. sz\u00e1m\u00fa rendelete az \u00f6nkorm\u00e1nyzat vagyon\u00e1r\u00f3l, \u00e9s a vagyongazd\u00e1lkod\u00e1s szab\u00e1lyair\u00f3l<\/a><\/p>\n<p><a href=\"http:\/\/www.nagybanhegyes.hu\/pdf\/hulladekgazdalkodasiterv.pdf\">Nagyb\u00e1nhegyes k\u00f6zs\u00e9g \u00d6nkorm\u00e1nyzata K\u00e9pvisel\u0151-test\u00fclet\u00e9nek 24\/2004. (X. 27.) \u00d6k. rendelete a helyi hullad\u00e9kgazd\u00e1lkod\u00e1si tervr\u0151l<\/a><\/p>\n<p><a href=\"http:\/\/www.nagybanhegyes.hu\/pdf\/hulladekszallitas.pdf\">Nagyb\u00e1nhegyes k\u00f6zs\u00e9g \u00d6nkorm\u00e1nyzata K\u00e9pvisel\u0151-test\u00fclet\u00e9nek 8\/2008. (IX. 26.) \u00d6R. sz\u00e1m\u00fa rendelete a telep\u00fcl\u00e9si szil\u00e1rd hullad\u00e9kkal kapcsolatos k\u00f6zszolg\u00e1ltat\u00e1sr\u00f3l.<\/a><\/p>\n<p><a href=\"http:\/\/www.nagybanhegyes.hu\/pdf\/maganszemelyekkommunlaisadoja.pdf\">Nagyb\u00e1nhegyes k\u00f6zs\u00e9g \u00d6nkorm\u00e1nyzat K\u00e9pvisel\u0151-test\u00fclet\u00e9nek 15\/2007. (XII.12.) \u00d6R. sz\u00e1m\u00fa rendelete a mag\u00e1nszem\u00e9lyek kommun\u00e1lis ad\u00f3j\u00e1r\u00f3l<\/a><\/p>\n<p><a href=\"http:\/\/www.nagybanhegyes.hu\/pdf\/idegenforgalmiado.pdf\">Nagyb\u00e1nhegyes k\u00f6zs\u00e9g \u00d6nkorm\u00e1nyzat K\u00e9pvisel\u0151-test\u00fclet\u00e9nek 12\/2007. (XI. 30.) \u00d6R. sz\u00e1m\u00fa rendelete az idegenforgalmi ad\u00f3r\u00f3l<\/a><\/p>\n<p><a href=\"http:\/\/www.nagybanhegyes.hu\/pdf\/Rendeletszocalis2009.pdf\">Nagyb\u00e1nhegyes k\u00f6zs\u00e9g \u00d6nkorm\u00e1nyzat K\u00e9pvisel\u0151-test\u00fclet\u00e9nek 3\/2009. (IV. 16.)\u00d6R. sz\u00e1m\u00fa rendelete a szoci\u00e1lis igazgat\u00e1sr\u00f3l \u00e9s szoci\u00e1lis ell\u00e1t\u00e1sokr\u00f3l<\/a><\/p>\n<p><a href=\"http:\/\/www.nagybanhegyes.hu\/pdf\/SZMSZ2007.pdf\">Nagyb\u00e1nhegyes k\u00f6zs\u00e9g \u00d6nkorm\u00e1nyzata 6\/2007. (IV. 20.)\u00d6R. sz\u00e1m\u00fa rendelete a k\u00e9pvisel\u0151-test\u00fclet \u00e9s szervei szervezeti \u00e9s m\u0171k\u00f6d\u00e9si szab\u00e1lyzat\u00e1r\u00f3l<\/a><\/p>\n<p><a href=\"http:\/\/www.nagybanhegyes.hu\/pdf\/vizdijrol.pdf\">Nagyb\u00e1nhegyes K\u00f6zs\u00e9g \u00d6nkorm\u00e1nyzat\u00e1nak t\u00f6bbsz\u00f6r m\u00f3dos\u00edtott 1\/1995. (I.26 ) \u00d6R. sz\u00e1m\u00fa rendelete a kiszabhat\u00f3 legmagasabb v\u00edzd\u00edjr\u00f3l \u00e9s a k\u00f6zkifoly\u00f3k nem rendeltet\u00e9sszer\u0171 haszn\u00e1lat\u00e1nak szankci\u00f3j\u00e1r\u00f3l<\/a><\/p>\n<\/div>\n<\/div>\n<\/div>\n","protected":false},"excerpt":{"rendered":"<p>239\/2009. (X. 20.) Korm. rendelet szerinti adatszolg\u00e1l\u00e1s Adatszolga\u0301ltata\u0301s alapadatba\u0301zis fela\u0301lli\u0301ta\u0301sa\u0301hoz- Nagyba\u0301nhegyes Nagyb\u00e1nhegyes K\u00f6zs\u00e9g \u00d6nkorm\u00e1nyzata K\u00e9pvisel\u0151-test\u00fclet\u00e9nek 1\/2015.(II. 27.) \u00d6r. sz\u00e1m\u00fa rendelete a telep\u00fcl\u00e9si t\u00e1mogat\u00e1sokr\u00f3l Nagyb\u00e1nhegyes Rendez\u00e9si Terv 210\/2009. (IX. 29.) Korm. rendelet alapj\u00e1n vezetett nyilv\u00e1ntart\u00e1s Nagyb\u00e1nhegyes k\u00f6zs\u00e9g \u00d6nkorm\u00e1nyzat\u00e1nak 7\/1994 .\/VI. 30.\/ sz\u00e1m\u00fa RENDELETE a k\u00f6zter\u00fclet haszn\u00e1lat\u00e1r\u00f3l \u00e9s k\u00f6zter\u00fclet-haszn\u00e1lati d\u00edjr\u00f3l. Nagyb\u00e1nhegyes K\u00f6zs\u00e9g K\u00e9pvisel\u0151-Test\u00fclet\u00e9nek 1\/2001. (II.16) \u00d6R. sz\u00e1m\u00fa [&hellip;]<\/p>\n","protected":false},"author":1,"featured_media":0,"parent":24,"menu_order":0,"comment_status":"closed","ping_status":"closed","template":"","meta":{"ngg_post_thumbnail":0,"_links_to":"","_links_to_target":""},"_links":{"self":[{"href":"http:\/\/nagybanhegyes.hu\/w\/index.php?rest_route=\/wp\/v2\/pages\/153"}],"collection":[{"href":"http:\/\/nagybanhegyes.hu\/w\/index.php?rest_route=\/wp\/v2\/pages"}],"about":[{"href":"http:\/\/nagybanhegyes.hu\/w\/index.php?rest_route=\/wp\/v2\/types\/page"}],"author":[{"embeddable":true,"href":"http:\/\/nagybanhegyes.hu\/w\/index.php?rest_route=\/wp\/v2\/users\/1"}],"replies":[{"embeddable":true,"href":"http:\/\/nagybanhegyes.hu\/w\/index.php?rest_route=%2Fwp%2Fv2%2Fcomments&post=153"}],"version-history":[{"count":3,"href":"http:\/\/nagybanhegyes.hu\/w\/index.php?rest_route=\/wp\/v2\/pages\/153\/revisions"}],"predecessor-version":[{"id":651,"href":"http:\/\/nagybanhegyes.hu\/w\/index.php?rest_route=\/wp\/v2\/pages\/153\/revisions\/651"}],"up":[{"embeddable":true,"href":"http:\/\/nagybanhegyes.hu\/w\/index.php?rest_route=\/wp\/v2\/pages\/24"}],"wp:attachment":[{"href":"http:\/\/nagybanhegyes.hu\/w\/index.php?rest_route=%2Fwp%2Fv2%2Fmedia&parent=153"}],"curies":[{"name":"wp","href":"https:\/\/api.w.org\/{rel}","templated":true}]}}