{"id":164,"date":"2017-05-06T04:39:14","date_gmt":"2017-05-06T04:39:14","guid":{"rendered":"http:\/\/nagybanhegyes.hu\/w\/?page_id=164"},"modified":"2017-05-06T04:39:22","modified_gmt":"2017-05-06T04:39:22","slug":"iskola-es-ovoda","status":"publish","type":"page","link":"http:\/\/nagybanhegyes.hu\/w\/?page_id=164","title":{"rendered":"Iskola \u00e9s \u00d3voda"},"content":{"rendered":"<div>\n<div class=\"smalltext2\" style=\"text-align: center;\">\u00c1ltal\u00e1nos Iskola \u00e9s \u00d3voda<\/div>\n<div class=\"smalltext2\" style=\"text-align: center;\"><\/div>\n<\/div>\n<div>\n<div class=\"smalltext\">\n<div class=\"cpage_body\" style=\"text-align: left;\"><a href=\"http:\/\/www.savioiskola.sulinet.hu\/\" target=\"_blank\" rel=\"noopener noreferrer\">Savio Szent Domonkos Katolikus \u00c1ltal\u00e1nos Iskola \u00e9s \u00d3voda<\/a><br \/>\nIskol\u00e1nkat a Katolikus Egyh\u00e1z vette \u00e1t. Jelenleg a Savio Szent Domonkos Katolikus \u00c1ltal\u00e1nos Iskola \u00e9s \u00d3voda 7. sz\u00e1m\u00fa telephelyek\u00e9nt \u00fczemel.Archivum jelleggel el\u00e9rhet\u0151 iskol\u00e1nk r\u00e9gi weboldala: <a href=\"http:\/\/tellerede.nagybanhegyes.hu\/\" target=\"_blank\" rel=\"noopener noreferrer\">Teller Ede \u00c1ltal\u00e1nos Iskola weboldala<\/a><\/p>\n<\/div>\n<\/div>\n<\/div>\n","protected":false},"excerpt":{"rendered":"<p>\u00c1ltal\u00e1nos Iskola \u00e9s \u00d3voda Savio Szent Domonkos Katolikus \u00c1ltal\u00e1nos Iskola \u00e9s \u00d3voda Iskol\u00e1nkat a Katolikus Egyh\u00e1z vette \u00e1t. Jelenleg a Savio Szent Domonkos Katolikus \u00c1ltal\u00e1nos Iskola \u00e9s \u00d3voda 7. sz\u00e1m\u00fa telephelyek\u00e9nt \u00fczemel.Archivum jelleggel el\u00e9rhet\u0151 iskol\u00e1nk r\u00e9gi weboldala: Teller Ede \u00c1ltal\u00e1nos Iskola weboldala<\/p>\n","protected":false},"author":1,"featured_media":0,"parent":25,"menu_order":0,"comment_status":"closed","ping_status":"closed","template":"","meta":{"ngg_post_thumbnail":0,"_links_to":"","_links_to_target":""},"_links":{"self":[{"href":"http:\/\/nagybanhegyes.hu\/w\/index.php?rest_route=\/wp\/v2\/pages\/164"}],"collection":[{"href":"http:\/\/nagybanhegyes.hu\/w\/index.php?rest_route=\/wp\/v2\/pages"}],"about":[{"href":"http:\/\/nagybanhegyes.hu\/w\/index.php?rest_route=\/wp\/v2\/types\/page"}],"author":[{"embeddable":true,"href":"http:\/\/nagybanhegyes.hu\/w\/index.php?rest_route=\/wp\/v2\/users\/1"}],"replies":[{"embeddable":true,"href":"http:\/\/nagybanhegyes.hu\/w\/index.php?rest_route=%2Fwp%2Fv2%2Fcomments&post=164"}],"version-history":[{"count":2,"href":"http:\/\/nagybanhegyes.hu\/w\/index.php?rest_route=\/wp\/v2\/pages\/164\/revisions"}],"predecessor-version":[{"id":166,"href":"http:\/\/nagybanhegyes.hu\/w\/index.php?rest_route=\/wp\/v2\/pages\/164\/revisions\/166"}],"up":[{"embeddable":true,"href":"http:\/\/nagybanhegyes.hu\/w\/index.php?rest_route=\/wp\/v2\/pages\/25"}],"wp:attachment":[{"href":"http:\/\/nagybanhegyes.hu\/w\/index.php?rest_route=%2Fwp%2Fv2%2Fmedia&parent=164"}],"curies":[{"name":"wp","href":"https:\/\/api.w.org\/{rel}","templated":true}]}}