{"id":24,"date":"2017-05-04T06:38:39","date_gmt":"2017-05-04T04:38:39","guid":{"rendered":"http:\/\/nagybanhegyes.hu\/w\/?page_id=24"},"modified":"2017-05-08T15:44:45","modified_gmt":"2017-05-08T13:44:45","slug":"onkormanyzat","status":"publish","type":"page","link":"http:\/\/nagybanhegyes.hu\/w\/?page_id=24","title":{"rendered":"\u00d6nkorm\u00e1nyzat"},"content":{"rendered":"<div>\n<div class=\"smalltext2\" style=\"text-align: center;\"><strong>Hivatali Inform\u00e1ci\u00f3k<\/strong><\/div>\n<p>&nbsp;<\/p>\n<div class=\"smalltext2\"><\/div>\n<\/div>\n<div>\n<div class=\"smalltext\">\n<div class=\"cpage_body\">\n<table border=\"2\" align=\"center\">\n<tbody>\n<tr>\n<td colspan=\"2\">\n<div>A polg\u00e1rmesteri hivatal munkarendje<\/div>\n<\/td>\n<\/tr>\n<tr>\n<td>H\u00e9tf\u0151-Cs\u00fct\u00f6rt\u00f6k<\/td>\n<td>8:00-16:30<\/td>\n<\/tr>\n<tr>\n<td>P\u00e9nteki munkanapokon<\/td>\n<td>8:00-14:00<\/td>\n<\/tr>\n<tr>\n<td colspan=\"2\">\n<div>A hivatal \u00fcgyf\u00e9lfogad\u00e1si rendje<\/div>\n<\/td>\n<\/tr>\n<tr>\n<td>Munkanapokon<\/td>\n<td>8:00-12:00<\/td>\n<\/tr>\n<tr>\n<td colspan=\"2\">\n<div>A f\u0151\u00e1ll\u00e1s\u00fa polg\u00e1rmester munkarendje<\/div>\n<\/td>\n<\/tr>\n<tr>\n<td>Munkanapokon<\/td>\n<td>8:00-12:00<\/td>\n<\/tr>\n<tr>\n<td>A polg\u00e1rmester fogad\u00f3\u00f3r\u00e1ja<\/td>\n<td>Minden h\u00e9tf\u0151n 9:00-12:00<\/td>\n<\/tr>\n<\/tbody>\n<\/table>\n<p>&nbsp;<\/p>\n<table border=\"2\" align=\"center\">\n<tbody>\n<tr>\n<td colspan=\"2\">\n<div>El\u00e9rhet\u0151s\u00e9gek<\/div>\n<\/td>\n<\/tr>\n<tr>\n<td>Levelez\u00e9si c\u00edm:<\/td>\n<td>5668 Nagyb\u00e1nhegyes; Kossuth u. 64.<\/td>\n<\/tr>\n<tr>\n<td>Email c\u00edm:<\/td>\n<td>nagybanhegyes@nagybanhegyes.hu<\/td>\n<\/tr>\n<tr>\n<td>Telefonsz\u00e1m:<\/td>\n<td>06\/68\/426-000<br \/>\n06\/68\/426-742<\/td>\n<\/tr>\n<tr>\n<td>Fax:<\/td>\n<td>06\/68\/426-000<\/td>\n<\/tr>\n<\/tbody>\n<\/table>\n<\/div>\n<\/div>\n<\/div>\n","protected":false},"excerpt":{"rendered":"<p>Hivatali Inform\u00e1ci\u00f3k &nbsp; A polg\u00e1rmesteri hivatal munkarendje H\u00e9tf\u0151-Cs\u00fct\u00f6rt\u00f6k 8:00-16:30 P\u00e9nteki munkanapokon 8:00-14:00 A hivatal \u00fcgyf\u00e9lfogad\u00e1si rendje Munkanapokon 8:00-12:00 A f\u0151\u00e1ll\u00e1s\u00fa polg\u00e1rmester munkarendje Munkanapokon 8:00-12:00 A polg\u00e1rmester fogad\u00f3\u00f3r\u00e1ja Minden h\u00e9tf\u0151n 9:00-12:00 &nbsp; El\u00e9rhet\u0151s\u00e9gek Levelez\u00e9si c\u00edm: 5668 Nagyb\u00e1nhegyes; Kossuth u. 64. Email c\u00edm: nagybanhegyes@nagybanhegyes.hu Telefonsz\u00e1m: 06\/68\/426-000 06\/68\/426-742 Fax: 06\/68\/426-000<\/p>\n","protected":false},"author":1,"featured_media":0,"parent":0,"menu_order":6,"comment_status":"closed","ping_status":"closed","template":"","meta":{"ngg_post_thumbnail":0,"_links_to":"","_links_to_target":""},"_links":{"self":[{"href":"http:\/\/nagybanhegyes.hu\/w\/index.php?rest_route=\/wp\/v2\/pages\/24"}],"collection":[{"href":"http:\/\/nagybanhegyes.hu\/w\/index.php?rest_route=\/wp\/v2\/pages"}],"about":[{"href":"http:\/\/nagybanhegyes.hu\/w\/index.php?rest_route=\/wp\/v2\/types\/page"}],"author":[{"embeddable":true,"href":"http:\/\/nagybanhegyes.hu\/w\/index.php?rest_route=\/wp\/v2\/users\/1"}],"replies":[{"embeddable":true,"href":"http:\/\/nagybanhegyes.hu\/w\/index.php?rest_route=%2Fwp%2Fv2%2Fcomments&post=24"}],"version-history":[{"count":2,"href":"http:\/\/nagybanhegyes.hu\/w\/index.php?rest_route=\/wp\/v2\/pages\/24\/revisions"}],"predecessor-version":[{"id":337,"href":"http:\/\/nagybanhegyes.hu\/w\/index.php?rest_route=\/wp\/v2\/pages\/24\/revisions\/337"}],"wp:attachment":[{"href":"http:\/\/nagybanhegyes.hu\/w\/index.php?rest_route=%2Fwp%2Fv2%2Fmedia&parent=24"}],"curies":[{"name":"wp","href":"https:\/\/api.w.org\/{rel}","templated":true}]}}