{"id":28,"date":"2017-05-04T06:38:39","date_gmt":"2017-05-04T04:38:39","guid":{"rendered":"http:\/\/nagybanhegyes.hu\/w\/?page_id=28"},"modified":"2017-05-08T15:46:54","modified_gmt":"2017-05-08T13:46:54","slug":"palyazatok","status":"publish","type":"page","link":"http:\/\/nagybanhegyes.hu\/w\/?page_id=28","title":{"rendered":"P\u00e1ly\u00e1zatok"},"content":{"rendered":"<p>\u00d6nkorm\u00e1nyzat:<br \/>\nNapk\u00f6ziotthonos Konyha Energetikai Korszer\u0171s\u00edt\u00e9se<\/p>\n<p>Napelem rendszer telep\u00edt\u00e9se<\/p>\n<p><a href=\"http:\/\/www.nagybanhegyes.hu\/pdf\/palyazatok\/onkormanyzat\/tamogatoidontes20140516.pdf\">Ta\u0301mogato\u0301i.do\u0308nte\u0301s.2014.05.16<\/a><br \/>\n<a href=\"http:\/\/www.nagybanhegyes.hu\/pdf\/palyazatok\/onkormanyzat\/tamogatoidontes201405162.pdf\">Ta\u0301mogato\u0301i.do\u0308nte\u0301s.2014.05.16<\/a><\/p>\n<p>Hivatal:<br \/>\n<a href=\"http:\/\/www.nagybanhegyes.hu\/pdf\/palyazatok\/kozoshivatal\/kirendeltsegvezeto.pdf\">Nagyb\u00e1nhegyes kirendelts\u00e9gvezet\u0151<\/a><\/p>\n<p>R\u00e1k\u00f3czi Sport Egyes\u00fclet p\u00e1ly\u00e1zata:<br \/>\n<a href=\"http:\/\/www.nagybanhegyes.hu\/pdf\/civil\/se_palyazat1.pdf\">SFPHAT_3831_1_20130717_SIGNED<\/a><br \/>\n<a href=\"http:\/\/www.nagybanhegyes.hu\/pdf\/civil\/se_palyazat2.pdf\">SFPHP_kerelem_20130628<\/a><\/p>\n<p>R\u00e1k\u00f3czi Sport Egyes\u00fclet p\u00e1ly\u00e1zata:<br \/>\n<a href=\"http:\/\/www.nagybanhegyes.hu\/pdf\/palyazatok\/sport\/sportprog.pdf\">Sportfejleszt\u00e9si Program<\/a><br \/>\n<a href=\"http:\/\/www.nagybanhegyes.hu\/pdf\/palyazatok\/sport\/hatarozat.pdf\">Hat\u00e1rozat<\/a><\/p>\n<p>\u00d6nkorm\u00e1nyzat:<br \/>\n<a href=\"http:\/\/nagybanhegyes.hu\/w\/?page_id=104\">Nemzed\u00e9kek \u00f6sszefog\u00e1sa az EU demokratikus \u00e9rt\u00e9kei\u00e9rt<\/a><\/p>\n","protected":false},"excerpt":{"rendered":"<p>\u00d6nkorm\u00e1nyzat: Napk\u00f6ziotthonos Konyha Energetikai Korszer\u0171s\u00edt\u00e9se Napelem rendszer telep\u00edt\u00e9se Ta\u0301mogato\u0301i.do\u0308nte\u0301s.2014.05.16 Ta\u0301mogato\u0301i.do\u0308nte\u0301s.2014.05.16 Hivatal: Nagyb\u00e1nhegyes kirendelts\u00e9gvezet\u0151 R\u00e1k\u00f3czi Sport Egyes\u00fclet p\u00e1ly\u00e1zata: SFPHAT_3831_1_20130717_SIGNED SFPHP_kerelem_20130628 R\u00e1k\u00f3czi Sport Egyes\u00fclet p\u00e1ly\u00e1zata: Sportfejleszt\u00e9si Program Hat\u00e1rozat \u00d6nkorm\u00e1nyzat: Nemzed\u00e9kek \u00f6sszefog\u00e1sa az EU demokratikus \u00e9rt\u00e9kei\u00e9rt<\/p>\n","protected":false},"author":1,"featured_media":0,"parent":0,"menu_order":11,"comment_status":"closed","ping_status":"closed","template":"","meta":{"ngg_post_thumbnail":0,"_links_to":"","_links_to_target":""},"_links":{"self":[{"href":"http:\/\/nagybanhegyes.hu\/w\/index.php?rest_route=\/wp\/v2\/pages\/28"}],"collection":[{"href":"http:\/\/nagybanhegyes.hu\/w\/index.php?rest_route=\/wp\/v2\/pages"}],"about":[{"href":"http:\/\/nagybanhegyes.hu\/w\/index.php?rest_route=\/wp\/v2\/types\/page"}],"author":[{"embeddable":true,"href":"http:\/\/nagybanhegyes.hu\/w\/index.php?rest_route=\/wp\/v2\/users\/1"}],"replies":[{"embeddable":true,"href":"http:\/\/nagybanhegyes.hu\/w\/index.php?rest_route=%2Fwp%2Fv2%2Fcomments&post=28"}],"version-history":[{"count":5,"href":"http:\/\/nagybanhegyes.hu\/w\/index.php?rest_route=\/wp\/v2\/pages\/28\/revisions"}],"predecessor-version":[{"id":109,"href":"http:\/\/nagybanhegyes.hu\/w\/index.php?rest_route=\/wp\/v2\/pages\/28\/revisions\/109"}],"wp:attachment":[{"href":"http:\/\/nagybanhegyes.hu\/w\/index.php?rest_route=%2Fwp%2Fv2%2Fmedia&parent=28"}],"curies":[{"name":"wp","href":"https:\/\/api.w.org\/{rel}","templated":true}]}}