{"id":580,"date":"2018-02-27T14:45:03","date_gmt":"2018-02-27T12:45:03","guid":{"rendered":"http:\/\/nagybanhegyes.hu\/w\/?page_id=580"},"modified":"2018-07-04T08:38:02","modified_gmt":"2018-07-04T06:38:02","slug":"a-savio-szent-domonkos-katolikus-altalanos-iskola-es-ovoda-nagybanhegyesi-epuletenek-felujjitasa","status":"publish","type":"page","link":"http:\/\/nagybanhegyes.hu\/w\/?page_id=580","title":{"rendered":"A Savio Szent Domonkos Katolikus \u00c1ltal\u00e1nos Iskola \u00e9s \u00d3voda nagyb\u00e1nhegyesi \u00e9p\u00fclet\u00e9nek fel\u00fajj\u00edt\u00e1sa"},"content":{"rendered":"<p><a href=\"http:\/\/nagybanhegyes.hu\/w\/wp-content\/uploads\/2018\/02\/Aj\u00e1nlatt\u00e9teli-hat\u00e1rid\u0151-elhalaszt\u00e1sa_al\u00e1\u00edrt.pdf\">Aj\u00e1nlatt\u00e9teli hat\u00e1rid\u0151 elhalaszt\u00e1sa_al\u00e1\u00edrt<\/a><\/p>\n<p><a href=\"http:\/\/nagybanhegyes.hu\/w\/wp-content\/uploads\/2018\/02\/Kieg\u00e9sz\u00edt\u0151-t\u00e1j\u00e9koztat\u00e1s_al\u00e1\u00edrt.pdf\">Kieg\u00e9sz\u00edt\u0151 t\u00e1j\u00e9koztat\u00e1s_al\u00e1\u00edrt<\/a><\/p>\n<p><a href=\"http:\/\/nagybanhegyes.hu\/w\/wp-content\/uploads\/2018\/02\/A2_Nagyb\u00e1nhegyes-\u00f3voda-\u00e1llapot-emelet-alaprajz.pdf\">A2_Nagyb\u00e1nhegyes \u00f3voda \u00e1llapot emelet alaprajz<\/a><\/p>\n<p><a href=\"http:\/\/nagybanhegyes.hu\/w\/wp-content\/uploads\/2018\/02\/A2_Nagyb\u00e1nhegyes-\u00f3voda-\u00e1llapot-fszt-alaprajz.pdf\">A2_Nagyb\u00e1nhegyes \u00f3voda \u00e1llapot fszt alaprajz<\/a><\/p>\n<p><a href=\"http:\/\/nagybanhegyes.hu\/w\/wp-content\/uploads\/2018\/02\/A2_Nagyb\u00e1nhegyes-\u00f3voda-tervezett-emeleti-alaprajz.pdf\">A2_Nagyb\u00e1nhegyes \u00f3voda tervezett emeleti alaprajz<\/a><\/p>\n<p><a href=\"http:\/\/nagybanhegyes.hu\/w\/wp-content\/uploads\/2018\/02\/A2_Nagyb\u00e1nhegyes-\u00f3voda-tervezett-fszt-alaprajz.pdf\">A2_Nagyb\u00e1nhegyes \u00f3voda tervezett fszt alaprajz<\/a><\/p>\n<p><a href=\"http:\/\/nagybanhegyes.hu\/w\/wp-content\/uploads\/2018\/02\/A3_Nagyb\u00e1nhegyes-\u00f3voda-\u00e1llapot-Bmetszet.pdf\">A3_Nagyb\u00e1nhegyes \u00f3voda \u00e1llapot Bmetszet<\/a><\/p>\n<p><a href=\"http:\/\/nagybanhegyes.hu\/w\/wp-content\/uploads\/2018\/02\/A3_Nagyb\u00e1nhegyes-\u00f3voda-\u00e1llapot-Dk-Dny-homlokzat.pdf\">A3_Nagyb\u00e1nhegyes \u00f3voda \u00e1llapot Dk Dny homlokzat<\/a><\/p>\n<p><a href=\"http:\/\/nagybanhegyes.hu\/w\/wp-content\/uploads\/2018\/02\/A3_Nagyb\u00e1nhegyes-\u00f3voda-\u00e1llapot-\u00c9k-\u00c9ny-homlokzat.pdf\">A3_Nagyb\u00e1nhegyes \u00f3voda \u00e1llapot \u00c9k \u00c9ny homlokzat<\/a><\/p>\n<p><a href=\"http:\/\/nagybanhegyes.hu\/w\/wp-content\/uploads\/2018\/02\/A3_Nagyb\u00e1nhegyes-\u00f3voda-helysz\u00ednrajz.pdf\">A3_Nagyb\u00e1nhegyes \u00f3voda helysz\u00ednrajz<\/a><\/p>\n<p><a href=\"http:\/\/nagybanhegyes.hu\/w\/wp-content\/uploads\/2018\/02\/A3_Nagyb\u00e1nhegyes-\u00f3voda-tervezett-Ametszet.pdf\">A3_Nagyb\u00e1nhegyes \u00f3voda tervezett Ametszet<\/a><\/p>\n<p><a href=\"http:\/\/nagybanhegyes.hu\/w\/wp-content\/uploads\/2018\/02\/A3_Nagyb\u00e1nhegyes-\u00f3voda-tervezett-Bmetszet.pdf\">A3_Nagyb\u00e1nhegyes \u00f3voda tervezett Bmetszet<\/a><\/p>\n<p><a href=\"http:\/\/nagybanhegyes.hu\/w\/wp-content\/uploads\/2018\/02\/A3_Nagyb\u00e1nhegyes-\u00f3voda-tervezett-Dk-Dny-homlokzat.pdf\">A3_Nagyb\u00e1nhegyes \u00f3voda tervezett Dk Dny homlokzat<\/a><\/p>\n<p><a href=\"http:\/\/nagybanhegyes.hu\/w\/wp-content\/uploads\/2018\/02\/A3_Nagyb\u00e1nhegyes-\u00f3voda-tervezett-\u00c9k-\u00c9ny-homlokzat.pdf\">A3_Nagyb\u00e1nhegyes \u00f3voda tervezett \u00c9k \u00c9ny homlokzat<\/a><\/p>\n<p><a href=\"http:\/\/nagybanhegyes.hu\/w\/wp-content\/uploads\/2018\/02\/A4_Nagyb\u00e1nhegyes-\u00f3voda-\u00e1llapot-Ametszet.pdf\">A4_Nagyb\u00e1nhegyes \u00f3voda \u00e1llapot Ametszet<\/a><\/p>\n<p><a href=\"http:\/\/nagybanhegyes.hu\/w\/wp-content\/uploads\/2018\/02\/Aj\u00e1nlatt\u00e9teli_Dokument\u00e1ci\u00f3_Nagyb\u00e1nhegyes_Ovi_al\u00e1\u00edrt.pdf\">Aj\u00e1nlatt\u00e9teli_Dokument\u00e1ci\u00f3_Nagyb\u00e1nhegyes_Ovi_al\u00e1\u00edrt<\/a><\/p>\n<p><a href=\"http:\/\/nagybanhegyes.hu\/w\/wp-content\/uploads\/2018\/02\/Aj\u00e1nlatt\u00e9teli_Felh\u00edv\u00e1s_Nagyb\u00e1nhegyes_Ovi_al\u00e1\u00edrt.pdf\">Aj\u00e1nlatt\u00e9teli_Felh\u00edv\u00e1s_Nagyb\u00e1nhegyes_Ovi_al\u00e1\u00edrt<\/a><\/p>\n<p><a href=\"http:\/\/nagybanhegyes.hu\/w\/wp-content\/uploads\/2018\/02\/\u00e1tv\u00e9teli_elismerv\u00e9ny.docx\">\u00e1tv\u00e9teli_elismerv\u00e9ny<\/a><\/p>\n<p><a href=\"http:\/\/nagybanhegyes.hu\/w\/wp-content\/uploads\/2018\/02\/iratmint\u00e1k-1.doc\">iratmint\u00e1k<\/a><\/p>\n<p><a href=\"http:\/\/nagybanhegyes.hu\/w\/wp-content\/uploads\/2018\/02\/nagybanhegyes_ovoda_akadalymentesitesi_leirasa.pdf\">nagybanhegyes_ovoda_akadalymentesitesi_leirasa<\/a><\/p>\n<p><a href=\"http:\/\/nagybanhegyes.hu\/w\/wp-content\/uploads\/2018\/02\/nagybanhegyes_ovoda_muszaki_dokumentacio_leiras.pdf\">nagybanhegyes_ovoda_muszaki_dokumentacio_leiras<\/a><\/p>\n<p><a href=\"http:\/\/nagybanhegyes.hu\/w\/wp-content\/uploads\/2018\/02\/nagybanhegyes_ovoda_tartoszerkezeti_leiras_es_szakvelemeny.pdf\">nagybanhegyes_ovoda_tartoszerkezeti_leiras_es_szakvelemeny<\/a><\/p>\n<p><a href=\"http:\/\/nagybanhegyes.hu\/w\/wp-content\/uploads\/2018\/02\/nagybanhegyes_ovoda_tuzvedelmi_leiras.pdf\">nagybanhegyes_ovoda_tuzvedelmi_leiras<\/a><\/p>\n<p><a href=\"http:\/\/nagybanhegyes.hu\/w\/wp-content\/uploads\/2018\/02\/TOP-Nagyb\u00e1nhegyes-\u00f3voda-szak\u00e1gi-mennyis\u00e9gsz\u00e1m\u00edt\u00e1s.xlsx\">TOP Nagyb\u00e1nhegyes \u00f3voda szak\u00e1gi mennyis\u00e9gsz\u00e1m\u00edt\u00e1s<\/a><\/p>\n<p><a href=\"http:\/\/nagybanhegyes.hu\/w\/wp-content\/uploads\/2018\/02\/TOP-Nagyb\u00e1nhegyes-\u00f3voda-tervez\u0151i-\u00c1razatlan.xls\">TOP Nagyb\u00e1nhegyes \u00f3voda tervez\u0151i \u00c1razatlan<\/a><\/p>\n<p><a href=\"http:\/\/nagybanhegyes.hu\/w\/wp-content\/uploads\/2018\/02\/TOP141-Nagybanhegyes_alairo-lap.pdf\">TOP141 Nagybanhegyes_alairo lap<\/a><\/p>\n<p><a href=\"http:\/\/nagybanhegyes.hu\/w\/wp-content\/uploads\/2018\/02\/TOP141-Nagybanhegyes_hiteles-energetikai-tan.pdf\">TOP141 Nagybanhegyes_hiteles energetikai tan<\/a><\/p>\n<p><a href=\"http:\/\/nagybanhegyes.hu\/w\/wp-content\/uploads\/2018\/02\/TOP141-Nagybanhegyes_tervezett-energetika.pdf\">TOP141 Nagybanhegyes_tervezett energetika<\/a><\/p>\n<p><a href=\"http:\/\/nagybanhegyes.hu\/w\/wp-content\/uploads\/2018\/02\/TOP141-Nagybanhegyes_tervezoi-nyilatkozat-eng-menetes.pdf\">TOP141 Nagybanhegyes_tervezoi nyilatkozat eng menetes<\/a><\/p>\n<p><a href=\"http:\/\/nagybanhegyes.hu\/w\/wp-content\/uploads\/2018\/02\/V\u00e1llalkoz\u00e1si-szerz\u0151d\u00e9s-\u00e9p\u00edt\u00e9s_ovi.pdf\">V\u00e1llalkoz\u00e1si szerz\u0151d\u00e9s \u00e9p\u00edt\u00e9s_ovi<\/a><\/p>\n<p><a href=\"http:\/\/nagybanhegyes.hu\/w\/wp-content\/uploads\/2018\/02\/Ajanlattetelre_felkert_gazdasagi_szereplok_alairt.pdf\">Aj\u00e1nlatt\u00e9telre felk\u00e9rt gazdas\u00e1gi szerepl\u0151k &#8211; al\u00e1\u00edrt<\/a><\/p>\n<p><a href=\"http:\/\/nagybanhegyes.hu\/w\/wp-content\/uploads\/2018\/02\/Bontasi_jegyzokonyv_alairt.pdf\">Bont\u00e1si jegyz\u0151k\u00f6nyv &#8211; al\u00e1\u00edrt<\/a><\/p>\n","protected":false},"excerpt":{"rendered":"<p>Aj\u00e1nlatt\u00e9teli hat\u00e1rid\u0151 elhalaszt\u00e1sa_al\u00e1\u00edrt Kieg\u00e9sz\u00edt\u0151 t\u00e1j\u00e9koztat\u00e1s_al\u00e1\u00edrt A2_Nagyb\u00e1nhegyes \u00f3voda \u00e1llapot emelet alaprajz A2_Nagyb\u00e1nhegyes \u00f3voda \u00e1llapot fszt alaprajz A2_Nagyb\u00e1nhegyes \u00f3voda tervezett emeleti alaprajz A2_Nagyb\u00e1nhegyes \u00f3voda tervezett fszt alaprajz A3_Nagyb\u00e1nhegyes \u00f3voda \u00e1llapot Bmetszet A3_Nagyb\u00e1nhegyes \u00f3voda \u00e1llapot Dk Dny homlokzat A3_Nagyb\u00e1nhegyes \u00f3voda \u00e1llapot \u00c9k \u00c9ny homlokzat A3_Nagyb\u00e1nhegyes \u00f3voda helysz\u00ednrajz A3_Nagyb\u00e1nhegyes \u00f3voda tervezett Ametszet A3_Nagyb\u00e1nhegyes \u00f3voda tervezett Bmetszet A3_Nagyb\u00e1nhegyes \u00f3voda tervezett [&hellip;]<\/p>\n","protected":false},"author":1,"featured_media":0,"parent":548,"menu_order":0,"comment_status":"closed","ping_status":"closed","template":"","meta":{"ngg_post_thumbnail":0,"_links_to":"","_links_to_target":""},"_links":{"self":[{"href":"http:\/\/nagybanhegyes.hu\/w\/index.php?rest_route=\/wp\/v2\/pages\/580"}],"collection":[{"href":"http:\/\/nagybanhegyes.hu\/w\/index.php?rest_route=\/wp\/v2\/pages"}],"about":[{"href":"http:\/\/nagybanhegyes.hu\/w\/index.php?rest_route=\/wp\/v2\/types\/page"}],"author":[{"embeddable":true,"href":"http:\/\/nagybanhegyes.hu\/w\/index.php?rest_route=\/wp\/v2\/users\/1"}],"replies":[{"embeddable":true,"href":"http:\/\/nagybanhegyes.hu\/w\/index.php?rest_route=%2Fwp%2Fv2%2Fcomments&post=580"}],"version-history":[{"count":5,"href":"http:\/\/nagybanhegyes.hu\/w\/index.php?rest_route=\/wp\/v2\/pages\/580\/revisions"}],"predecessor-version":[{"id":657,"href":"http:\/\/nagybanhegyes.hu\/w\/index.php?rest_route=\/wp\/v2\/pages\/580\/revisions\/657"}],"up":[{"embeddable":true,"href":"http:\/\/nagybanhegyes.hu\/w\/index.php?rest_route=\/wp\/v2\/pages\/548"}],"wp:attachment":[{"href":"http:\/\/nagybanhegyes.hu\/w\/index.php?rest_route=%2Fwp%2Fv2%2Fmedia&parent=580"}],"curies":[{"name":"wp","href":"https:\/\/api.w.org\/{rel}","templated":true}]}}

A Savio Szent Domonkos Katolikus Általános Iskola és Óvoda nagybánhegyesi épületének felújjítása

<p><a href="http://nagybanhegyes.hu/w/wp-content/uploads/2018/02/Ajánlattételi-határidő-elhalasztása_aláírt.pdf">Ajánlattételi határidő elhalasztása_aláírt</a></p>
<p><a href="http://nagybanhegyes.hu/w/wp-content/uploads/2018/02/Kiegészítő-tájékoztatás_aláírt.pdf">Kiegészítő tájékoztatás_aláírt</a></p>
<p><a href="http://nagybanhegyes.hu/w/wp-content/uploads/2018/02/A2_Nagybánhegyes-óvoda-állapot-emelet-alaprajz.pdf">A2_Nagybánhegyes óvoda állapot emelet alaprajz</a></p>
<p><a href="http://nagybanhegyes.hu/w/wp-content/uploads/2018/02/A2_Nagybánhegyes-óvoda-állapot-fszt-alaprajz.pdf">A2_Nagybánhegyes óvoda állapot fszt alaprajz</a></p>
<p><a href="http://nagybanhegyes.hu/w/wp-content/uploads/2018/02/A2_Nagybánhegyes-óvoda-tervezett-emeleti-alaprajz.pdf">A2_Nagybánhegyes óvoda tervezett emeleti alaprajz</a></p>
<p><a href="http://nagybanhegyes.hu/w/wp-content/uploads/2018/02/A2_Nagybánhegyes-óvoda-tervezett-fszt-alaprajz.pdf">A2_Nagybánhegyes óvoda tervezett fszt alaprajz</a></p>
<p><a href="http://nagybanhegyes.hu/w/wp-content/uploads/2018/02/A3_Nagybánhegyes-óvoda-állapot-Bmetszet.pdf">A3_Nagybánhegyes óvoda állapot Bmetszet</a></p>
<p><a href="http://nagybanhegyes.hu/w/wp-content/uploads/2018/02/A3_Nagybánhegyes-óvoda-állapot-Dk-Dny-homlokzat.pdf">A3_Nagybánhegyes óvoda állapot Dk Dny homlokzat</a></p>
<p><a href="http://nagybanhegyes.hu/w/wp-content/uploads/2018/02/A3_Nagybánhegyes-óvoda-állapot-Ék-Ény-homlokzat.pdf">A3_Nagybánhegyes óvoda állapot Ék Ény homlokzat</a></p>
<p><a href="http://nagybanhegyes.hu/w/wp-content/uploads/2018/02/A3_Nagybánhegyes-óvoda-helyszínrajz.pdf">A3_Nagybánhegyes óvoda helyszínrajz</a></p>
<p><a href="http://nagybanhegyes.hu/w/wp-content/uploads/2018/02/A3_Nagybánhegyes-óvoda-tervezett-Ametszet.pdf">A3_Nagybánhegyes óvoda tervezett Ametszet</a></p>
<p><a href="http://nagybanhegyes.hu/w/wp-content/uploads/2018/02/A3_Nagybánhegyes-óvoda-tervezett-Bmetszet.pdf">A3_Nagybánhegyes óvoda tervezett Bmetszet</a></p>
<p><a href="http://nagybanhegyes.hu/w/wp-content/uploads/2018/02/A3_Nagybánhegyes-óvoda-tervezett-Dk-Dny-homlokzat.pdf">A3_Nagybánhegyes óvoda tervezett Dk Dny homlokzat</a></p>
<p><a href="http://nagybanhegyes.hu/w/wp-content/uploads/2018/02/A3_Nagybánhegyes-óvoda-tervezett-Ék-Ény-homlokzat.pdf">A3_Nagybánhegyes óvoda tervezett Ék Ény homlokzat</a></p>
<p><a href="http://nagybanhegyes.hu/w/wp-content/uploads/2018/02/A4_Nagybánhegyes-óvoda-állapot-Ametszet.pdf">A4_Nagybánhegyes óvoda állapot Ametszet</a></p>
<p><a href="http://nagybanhegyes.hu/w/wp-content/uploads/2018/02/Ajánlattételi_Dokumentáció_Nagybánhegyes_Ovi_aláírt.pdf">Ajánlattételi_Dokumentáció_Nagybánhegyes_Ovi_aláírt</a></p>
<p><a href="http://nagybanhegyes.hu/w/wp-content/uploads/2018/02/Ajánlattételi_Felhívás_Nagybánhegyes_Ovi_aláírt.pdf">Ajánlattételi_Felhívás_Nagybánhegyes_Ovi_aláírt</a></p>
<p><a href="http://nagybanhegyes.hu/w/wp-content/uploads/2018/02/átvételi_elismervény.docx">átvételi_elismervény</a></p>
<p><a href="http://nagybanhegyes.hu/w/wp-content/uploads/2018/02/iratminták-1.doc">iratminták</a></p>
<p><a href="http://nagybanhegyes.hu/w/wp-content/uploads/2018/02/nagybanhegyes_ovoda_akadalymentesitesi_leirasa.pdf">nagybanhegyes_ovoda_akadalymentesitesi_leirasa</a></p>
<p><a href="http://nagybanhegyes.hu/w/wp-content/uploads/2018/02/nagybanhegyes_ovoda_muszaki_dokumentacio_leiras.pdf">nagybanhegyes_ovoda_muszaki_dokumentacio_leiras</a></p>
<p><a href="http://nagybanhegyes.hu/w/wp-content/uploads/2018/02/nagybanhegyes_ovoda_tartoszerkezeti_leiras_es_szakvelemeny.pdf">nagybanhegyes_ovoda_tartoszerkezeti_leiras_es_szakvelemeny</a></p>
<p><a href="http://nagybanhegyes.hu/w/wp-content/uploads/2018/02/nagybanhegyes_ovoda_tuzvedelmi_leiras.pdf">nagybanhegyes_ovoda_tuzvedelmi_leiras</a></p>
<p><a href="http://nagybanhegyes.hu/w/wp-content/uploads/2018/02/TOP-Nagybánhegyes-óvoda-szakági-mennyiségszámítás.xlsx">TOP Nagybánhegyes óvoda szakági mennyiségszámítás</a></p>
<p><a href="http://nagybanhegyes.hu/w/wp-content/uploads/2018/02/TOP-Nagybánhegyes-óvoda-tervezői-Árazatlan.xls">TOP Nagybánhegyes óvoda tervezői Árazatlan</a></p>
<p><a href="http://nagybanhegyes.hu/w/wp-content/uploads/2018/02/TOP141-Nagybanhegyes_alairo-lap.pdf">TOP141 Nagybanhegyes_alairo lap</a></p>
<p><a href="http://nagybanhegyes.hu/w/wp-content/uploads/2018/02/TOP141-Nagybanhegyes_hiteles-energetikai-tan.pdf">TOP141 Nagybanhegyes_hiteles energetikai tan</a></p>
<p><a href="http://nagybanhegyes.hu/w/wp-content/uploads/2018/02/TOP141-Nagybanhegyes_tervezett-energetika.pdf">TOP141 Nagybanhegyes_tervezett energetika</a></p>
<p><a href="http://nagybanhegyes.hu/w/wp-content/uploads/2018/02/TOP141-Nagybanhegyes_tervezoi-nyilatkozat-eng-menetes.pdf">TOP141 Nagybanhegyes_tervezoi nyilatkozat eng menetes</a></p>
<p><a href="http://nagybanhegyes.hu/w/wp-content/uploads/2018/02/Vállalkozási-szerződés-építés_ovi.pdf">Vállalkozási szerződés építés_ovi</a></p>
<p><a href="http://nagybanhegyes.hu/w/wp-content/uploads/2018/02/Ajanlattetelre_felkert_gazdasagi_szereplok_alairt.pdf">Ajánlattételre felkért gazdasági szereplők &#8211; aláírt</a></p>
<p><a href="http://nagybanhegyes.hu/w/wp-content/uploads/2018/02/Bontasi_jegyzokonyv_alairt.pdf">Bontási jegyzőkönyv &#8211; aláírt</a></p>

<p>Ajánlattételi határidő elhalasztása_aláírt Kiegészítő tájékoztatás_aláírt A2_Nagybánhegyes óvoda állapot emelet alaprajz A2_Nagybánhegyes óvoda állapot fszt alaprajz A2_Nagybánhegyes óvoda tervezett emeleti alaprajz A2_Nagybánhegyes óvoda tervezett fszt alaprajz A3_Nagybánhegyes óvoda állapot Bmetszet A3_Nagybánhegyes óvoda állapot Dk Dny homlokzat A3_Nagybánhegyes óvoda állapot Ék Ény homlokzat A3_Nagybánhegyes óvoda helyszínrajz A3_Nagybánhegyes óvoda tervezett Ametszet A3_Nagybánhegyes óvoda tervezett Bmetszet A3_Nagybánhegyes óvoda tervezett [&hellip;]</p>
