{"id":727,"date":"2019-05-31T15:50:36","date_gmt":"2019-05-31T13:50:36","guid":{"rendered":"http:\/\/nagybanhegyes.hu\/w\/?page_id=727"},"modified":"2019-05-31T15:54:26","modified_gmt":"2019-05-31T13:54:26","slug":"tak","status":"publish","type":"page","link":"http:\/\/nagybanhegyes.hu\/w\/?page_id=727","title":{"rendered":"TAK"},"content":{"rendered":"<a href=\"http:\/\/nagybanhegyes.hu\/w\/wp-content\/uploads\/2019\/05\/4-2019-TAK-m\u00f3d.pdf\" class=\"pdfemb-viewer\" style=\"\" data-width=\"max\" data-height=\"max\"  data-toolbar=\"bottom\" data-toolbar-fixed=\"off\">4-2019 TAK m\u00f3d<br\/><\/a>\n<p>&nbsp;<\/p>\n<a href=\"http:\/\/nagybanhegyes.hu\/w\/wp-content\/uploads\/2019\/05\/egys\u00e9ges-Nagyb\u00e1nhegyes-telep\u00fcl\u00e9sk\u00e9pi-rend7-2018.pdf\" class=\"pdfemb-viewer\" style=\"\" data-width=\"max\" data-height=\"max\"  data-toolbar=\"bottom\" data-toolbar-fixed=\"off\">egys\u00e9ges Nagyb\u00e1nhegyes telep\u00fcl\u00e9sk\u00e9pi rend7-2018<br\/><\/a>\n<p>&nbsp;<\/p>\n<a href=\"http:\/\/nagybanhegyes.hu\/w\/wp-content\/uploads\/2019\/05\/Nagyb\u00e1nhegyes-1-5-mell\u00e9klet_7-2018.pdf\" class=\"pdfemb-viewer\" style=\"\" data-width=\"max\" data-height=\"max\"  data-toolbar=\"bottom\" data-toolbar-fixed=\"off\">Nagyb\u00e1nhegyes 1-5 mell\u00e9klet_7-2018<br\/><\/a>\n","protected":false},"excerpt":{"rendered":"<p>&nbsp; &nbsp;<\/p>\n","protected":false},"author":1,"featured_media":0,"parent":0,"menu_order":0,"comment_status":"closed","ping_status":"closed","template":"","meta":{"ngg_post_thumbnail":0,"_links_to":"","_links_to_target":""},"_links":{"self":[{"href":"http:\/\/nagybanhegyes.hu\/w\/index.php?rest_route=\/wp\/v2\/pages\/727"}],"collection":[{"href":"http:\/\/nagybanhegyes.hu\/w\/index.php?rest_route=\/wp\/v2\/pages"}],"about":[{"href":"http:\/\/nagybanhegyes.hu\/w\/index.php?rest_route=\/wp\/v2\/types\/page"}],"author":[{"embeddable":true,"href":"http:\/\/nagybanhegyes.hu\/w\/index.php?rest_route=\/wp\/v2\/users\/1"}],"replies":[{"embeddable":true,"href":"http:\/\/nagybanhegyes.hu\/w\/index.php?rest_route=%2Fwp%2Fv2%2Fcomments&post=727"}],"version-history":[{"count":4,"href":"http:\/\/nagybanhegyes.hu\/w\/index.php?rest_route=\/wp\/v2\/pages\/727\/revisions"}],"predecessor-version":[{"id":734,"href":"http:\/\/nagybanhegyes.hu\/w\/index.php?rest_route=\/wp\/v2\/pages\/727\/revisions\/734"}],"wp:attachment":[{"href":"http:\/\/nagybanhegyes.hu\/w\/index.php?rest_route=%2Fwp%2Fv2%2Fmedia&parent=727"}],"curies":[{"name":"wp","href":"https:\/\/api.w.org\/{rel}","templated":true}]}}