{"id":78,"date":"2017-05-04T07:58:06","date_gmt":"2017-05-04T07:58:06","guid":{"rendered":"http:\/\/nagybanhegyes.hu\/w\/?page_id=78"},"modified":"2017-05-06T05:09:31","modified_gmt":"2017-05-06T05:09:31","slug":"testvertelepulesek","status":"publish","type":"page","link":"http:\/\/nagybanhegyes.hu\/w\/?page_id=78","title":{"rendered":"Testv\u00e9rtelep\u00fcl\u00e9sek"},"content":{"rendered":"<div><\/div>\n<div>\n<div class=\"smalltext\">\n<div class=\"cpage_body\">\n<table width=\"100%\" border=\"0\" cellpadding=\"8\" cellspacing=\"3\">\n<tr>\n<td>\n<h3><strong><a href=\"http:\/\/www.obecvlcany.sk\/articles.php?stid=1&amp;show=&amp;lang=hu\" target=\"_blank\" rel=\"noopener noreferrer\">V\u00e1gfarkasd (Szlov\u00e1kia)<\/a><\/strong><\/h3>\n<p>V\u00e1gfarkasd k\u00f6zs\u00e9g D\u00e9lnyugat-Szlov\u00e1ki\u00e1ban, a Kisalf\u00f6ld\u00f6n, a V\u00e1g foly\u00f3 jobb partj\u00e1n fekszik. K\u00f6zigazgat\u00e1silag a v\u00e1gsellyei j\u00e1r\u00e1shoz tartozik. \u00c9szakon Zsig\u00e1rd, \u00e9szakkeleten Tardoskedd \u00e9s T\u00f3tmegyer, d\u00e9len Negyed, nyugaton N\u00e1dszeg \u00e9s Kir\u00e1lyr\u00e9v k\u00f6zs\u00e9gekkel szomsz\u00e9dos. Ter\u00fclete s\u00edk domborzat\u00fa. A V\u00e1g nyugati \u00e1rter\u00fclet\u00e9n m\u00e9g fellelhet\u0151k a foly\u00f3 eredeti holt medrei. A t\u00e9rs\u00e9g tengerszint feletti magass\u00e1ga 109 \u00e9s 112 m k\u00f6z\u00f6tti. A k\u00f6zs\u00e9g mai hat\u00e1ra erd\u0151tlen\u00edtett.<br \/>\n\u00c9ghajlata m\u00e9rs\u00e9kelt, melyre enyhe t\u00e9l jellemz\u0151.<br \/>\nA janu\u00e1ri \u00e1tlagh\u0151m\u00e9rs\u00e9klet -1 \u00e9s -4 oC, a j\u00faliusi 19,5 \u00e9s 20,5 oC k\u00f6z\u00f6tti.<br \/>\nA ny\u00e1ri napok sz\u00e1ma meghaladja a hetvenet. Az \u00e9vi \u00e1tlagos csapad\u00e9kmennyis\u00e9g 550-650 mm.<\/td>\n<td width=\"120\" align=\"center\"  valign=\"top\">\n<p>&nbsp;<\/p>\n<p> <img loading=\"lazy\" title=\"V\u00e1gfarkasd c\u00edmere\" src=\"http:\/\/www.nagybanhegyes.hu\/images\/toltelek\/vagfarkasd.jpg\" width=\"100\" height=\"100\" border=\"2\" \/>   <\/td>\n<\/tr>\n<tr>\n<td>\n<h3><strong><a href=\"http:\/\/www.artelecom.net\/primariapancota\" target=\"_blank\" rel=\"noopener noreferrer\">Pankota (Rom\u00e1nia)<\/a><\/strong><\/h3>\n<p>Pankota mez\u00f5v\u00e1ros, Arad megy\u00e9ben, Rom\u00e1nia nyugati r\u00e9sz\u00e9n helyezkedik el. Oklevelek,elbesz\u00e9l\u00f5 forr\u00e1sok szerint valaha a Marosv\u00f6lgyben eg\u00e9sz a Feh\u00e9r-K\u00f6r\u00f6sig terjed\u00f5 ter\u00fcleten 20 monostor \u00e9p\u00fclta XIII. sz\u00e1zadig, ezek k\u00f6zz\u00fcl az egyik benedekrendi ap\u00e1ts\u00e1g Pankot\u00e1n helyezkedett el. Pankota t\u00f6rt\u00e9nelme, a m\u00e9g foly\u00f3 \u00e1sat\u00e1sok alapj\u00e1n, 1177-ig vezethet\u00f5 vissza. Hasonl\u00f3an vannak dokumentumok melyek 1217-ben emlitik meg a pankotai ap\u00e1ts\u00e1got, melyet egy ismeretlen adom\u00e1nyoz\u00f3 alapitott. Egy kor\u00e1bbi feljegyz\u00e9s szerint 1219-ben a pankotai ap\u00e1t bir\u00f3k\u00e9nt it\u00e9lkezik a peres \u00fcgyekben. Vannak olyan adatok is amelyekarra engednek k\u00f6vetkesztettni, hogy Pankot\u00e1r\u00f3l is sokan vettek r\u00e9szt II Endre kir\u00e1ly keresztes hadj\u00e1rat\u00e1ban 1217-ben.Valaha az egri p\u00fcsp\u00f6ks\u00e9ghez tartozott,1332-ben f\u00f5esperess\u00e9gk\u00e9nt szerepel oklevelekben.A monostor a Kopasz-hegy l\u00e1b\u00e1n\u00e1l elter\u00fcl\u00f5 \u00d3-pankota mellett helyezkedett el.<\/td>\n<td width=\"120\" align=\"center\" valign=\"top\">\n<p>&nbsp;<\/p>\n<p><img loading=\"lazy\" title=\"Pankota c\u00edmere\" src=\"http:\/\/www.nagybanhegyes.hu\/images\/toltelek\/Stema_Pancota.jpg\" width=\"95\" height=\"134\" border=\"2\" \/>\n   <\/td>\n<\/tr>\n<tr>\n<td>\n<h3><strong><a href=\"http:\/\/www.gelence.org\/\" target=\"_blank\" rel=\"noopener noreferrer\">Gelence (Rom\u00e1nia)<\/a><\/strong><\/h3>\n<p><span id=\"duma\">K\u00e9tf\u00e9le ember l\u00e9tezik: az egyik, aki m\u00e1r j\u00e1rt Gelenc\u00e9n, \u00e9s a m\u00e1sik, aki ezut\u00e1n fog idej\u00f6nni \u2013 mondj\u00e1k a r\u00e1tartibb helybeliek. Mi j\u00f3l tudjuk, hogy mi\u00e9rt \u00e9rdemes felkeresni ezt a h\u00e1romsz\u00e9ki nagyk\u00f6zs\u00e9get, \u00e9s ha \u00d6n\u00f6k is k\u00edv\u00e1ncsiak r\u00e1, h\u00e1t rajta, fedezz\u00e9k fel! Ez a fest\u0151i k\u00f6rnyezetben elter\u00fcl\u0151 falu nem v\u00e9letlen\u00fcl v\u00e1lt sz\u00e1mos hazai \u00e9s magyarorsz\u00e1gi turistacsoport kedvelt c\u00e9l\u00e1llom\u00e1s\u00e1v\u00e1. Gelenc\u00e9re h\u00edvj\u00e1k a l\u00e1togat\u00f3kat a Szent L\u00e1szl\u00f3-legend\u00e1t \u00e1br\u00e1zol\u00f3 t\u00f6bb \u00e9vsz\u00e1zados fresk\u00f3t\u00f6red\u00e9kek, a t\u00f6k\u00e9lyre fejlesztett n\u00e9pi alkot\u00f3m\u0171helyek, a messze f\u00f6ld\u00f6n h\u00edres fafarag\u00f3k \u00e9s az \u00e9vi rendszeress\u00e9ggel megszervezett rendezv\u00e9nyek, n\u00e9pszok\u00e1sok. A k\u00f6rnyez\u0151 hegyek gyomra k\u0151olajat rejt, erdeinkben, a K\u00e1rp\u00e1tok bels\u0151 vonulat\u00e1r\u00f3l a v\u00f6lgy fel\u00e9 cs\u00f6rgedez\u0151 Gelence pataka ment\u00e9n pedig a term\u00e9szet p\u00e1ratlan sz\u00e9ps\u00e9ge ny\u0171g\u00f6z le.<br \/>\nVend\u00e9geinket hagyom\u00e1nyos sz\u00e9kely vend\u00e9gszeretettel \u00e9s 20, \u00e1llamilag min\u0151s\u00edtett sz\u00e1ll\u00e1shellyel v\u00e1rjuk. Gelenc\u00e9n jelenleg mintegy k\u00e9t aut\u00f3busznyi vend\u00e9get tudunk egyszerre falusi vend\u00e9gh\u00e1zakban elsz\u00e1ll\u00e1solni. Szeretettel k\u00f6sz\u00f6ntj\u00fck Gelenc\u00e9n, a sz\u00e9kelykapuk \u00e9s a legend\u00e1k f\u00f6ldj\u00e9n!<\/span><\/td>\n<td width=\"120\" align=\"center\" valign=\"top\">\n<p>&nbsp;<\/p>\n<p>    <img loading=\"lazy\" title=\"Gelence c\u00edmere\" src=\"http:\/\/www.nagybanhegyes.hu\/images\/toltelek\/Gelence2.jpg\" width=\"94\" height=\"147\" border=\"2\" \/>\n    <\/td>\n<\/tr>\n<\/table>\n<\/div>\n<\/div>\n<\/div>\n","protected":false},"excerpt":{"rendered":"<p>V\u00e1gfarkasd (Szlov\u00e1kia) V\u00e1gfarkasd k\u00f6zs\u00e9g D\u00e9lnyugat-Szlov\u00e1ki\u00e1ban, a Kisalf\u00f6ld\u00f6n, a V\u00e1g foly\u00f3 jobb partj\u00e1n fekszik. K\u00f6zigazgat\u00e1silag a v\u00e1gsellyei j\u00e1r\u00e1shoz tartozik. \u00c9szakon Zsig\u00e1rd, \u00e9szakkeleten Tardoskedd \u00e9s T\u00f3tmegyer, d\u00e9len Negyed, nyugaton N\u00e1dszeg \u00e9s Kir\u00e1lyr\u00e9v k\u00f6zs\u00e9gekkel szomsz\u00e9dos. Ter\u00fclete s\u00edk domborzat\u00fa. A V\u00e1g nyugati \u00e1rter\u00fclet\u00e9n m\u00e9g fellelhet\u0151k a foly\u00f3 eredeti holt medrei. A t\u00e9rs\u00e9g tengerszint feletti magass\u00e1ga 109 \u00e9s 112 m [&hellip;]<\/p>\n","protected":false},"author":1,"featured_media":0,"parent":56,"menu_order":0,"comment_status":"closed","ping_status":"closed","template":"","meta":{"ngg_post_thumbnail":0,"_links_to":"","_links_to_target":""},"_links":{"self":[{"href":"http:\/\/nagybanhegyes.hu\/w\/index.php?rest_route=\/wp\/v2\/pages\/78"}],"collection":[{"href":"http:\/\/nagybanhegyes.hu\/w\/index.php?rest_route=\/wp\/v2\/pages"}],"about":[{"href":"http:\/\/nagybanhegyes.hu\/w\/index.php?rest_route=\/wp\/v2\/types\/page"}],"author":[{"embeddable":true,"href":"http:\/\/nagybanhegyes.hu\/w\/index.php?rest_route=\/wp\/v2\/users\/1"}],"replies":[{"embeddable":true,"href":"http:\/\/nagybanhegyes.hu\/w\/index.php?rest_route=%2Fwp%2Fv2%2Fcomments&post=78"}],"version-history":[{"count":5,"href":"http:\/\/nagybanhegyes.hu\/w\/index.php?rest_route=\/wp\/v2\/pages\/78\/revisions"}],"predecessor-version":[{"id":174,"href":"http:\/\/nagybanhegyes.hu\/w\/index.php?rest_route=\/wp\/v2\/pages\/78\/revisions\/174"}],"up":[{"embeddable":true,"href":"http:\/\/nagybanhegyes.hu\/w\/index.php?rest_route=\/wp\/v2\/pages\/56"}],"wp:attachment":[{"href":"http:\/\/nagybanhegyes.hu\/w\/index.php?rest_route=%2Fwp%2Fv2%2Fmedia&parent=78"}],"curies":[{"name":"wp","href":"https:\/\/api.w.org\/{rel}","templated":true}]}}

Testvértelepülések

<div></div>
<div>
<div class="smalltext">
<div class="cpage_body">
<table width="100%" border="0" cellpadding="8" cellspacing="3">
<tr>
<td>
<h3><strong><a href="http://www.obecvlcany.sk/articles.php?stid=1&amp;show=&amp;lang=hu" target="_blank" rel="noopener noreferrer">Vágfarkasd (Szlovákia)</a></strong></h3>
<p>Vágfarkasd község Délnyugat-Szlovákiában, a Kisalföldön, a Vág folyó jobb partján fekszik. Közigazgatásilag a vágsellyei járáshoz tartozik. Északon Zsigárd, északkeleten Tardoskedd és Tótmegyer, délen Negyed, nyugaton Nádszeg és Királyrév községekkel szomszédos. Területe sík domborzatú. A Vág nyugati árterületén még fellelhetők a folyó eredeti holt medrei. A térség tengerszint feletti magassága 109 és 112 m közötti. A község mai határa erdőtlenített.<br />
Éghajlata mérsékelt, melyre enyhe tél jellemző.<br />
A januári átlaghőmérséklet -1 és -4 oC, a júliusi 19,5 és 20,5 oC közötti.<br />
A nyári napok száma meghaladja a hetvenet. Az évi átlagos csapadékmennyiség 550-650 mm.</td>
<td width="120" align="center"  valign="top">
<p>&nbsp;</p>
<p> <img loading="lazy" title="Vágfarkasd címere" src="http://www.nagybanhegyes.hu/images/toltelek/vagfarkasd.jpg" width="100" height="100" border="2" />   </td>
</tr>
<tr>
<td>
<h3><strong><a href="http://www.artelecom.net/primariapancota" target="_blank" rel="noopener noreferrer">Pankota (Románia)</a></strong></h3>
<p>Pankota mezõváros, Arad megyében, Románia nyugati részén helyezkedik el. Oklevelek,elbeszélõ források szerint valaha a Marosvölgyben egész a Fehér-Körösig terjedõ területen 20 monostor épülta XIII. századig, ezek közzül az egyik benedekrendi apátság Pankotán helyezkedett el. Pankota történelme, a még folyó ásatások alapján, 1177-ig vezethetõ vissza. Hasonlóan vannak dokumentumok melyek 1217-ben emlitik meg a pankotai apátságot, melyet egy ismeretlen adományozó alapitott. Egy korábbi feljegyzés szerint 1219-ben a pankotai apát biróként itélkezik a peres ügyekben. Vannak olyan adatok is amelyekarra engednek követkesztettni, hogy Pankotáról is sokan vettek részt II Endre király keresztes hadjáratában 1217-ben.Valaha az egri püspökséghez tartozott,1332-ben fõesperességként szerepel oklevelekben.A monostor a Kopasz-hegy lábánál elterülõ Ó-pankota mellett helyezkedett el.</td>
<td width="120" align="center" valign="top">
<p>&nbsp;</p>
<p><img loading="lazy" title="Pankota címere" src="http://www.nagybanhegyes.hu/images/toltelek/Stema_Pancota.jpg" width="95" height="134" border="2" />
   </td>
</tr>
<tr>
<td>
<h3><strong><a href="http://www.gelence.org/" target="_blank" rel="noopener noreferrer">Gelence (Románia)</a></strong></h3>
<p><span id="duma">Kétféle ember létezik: az egyik, aki már járt Gelencén, és a másik, aki ezután fog idejönni – mondják a rátartibb helybeliek. Mi jól tudjuk, hogy miért érdemes felkeresni ezt a háromszéki nagyközséget, és ha Önök is kíváncsiak rá, hát rajta, fedezzék fel! Ez a festői környezetben elterülő falu nem véletlenül vált számos hazai és magyarországi turistacsoport kedvelt célállomásává. Gelencére hívják a látogatókat a Szent László-legendát ábrázoló több évszázados freskótöredékek, a tökélyre fejlesztett népi alkotóműhelyek, a messze földön híres fafaragók és az évi rendszerességgel megszervezett rendezvények, népszokások. A környező hegyek gyomra kőolajat rejt, erdeinkben, a Kárpátok belső vonulatáról a völgy felé csörgedező Gelence pataka mentén pedig a természet páratlan szépsége nyűgöz le.<br />
Vendégeinket hagyományos székely vendégszeretettel és 20, államilag minősített szálláshellyel várjuk. Gelencén jelenleg mintegy két autóbusznyi vendéget tudunk egyszerre falusi vendégházakban elszállásolni. Szeretettel köszöntjük Gelencén, a székelykapuk és a legendák földjén!</span></td>
<td width="120" align="center" valign="top">
<p>&nbsp;</p>
<p>    <img loading="lazy" title="Gelence címere" src="http://www.nagybanhegyes.hu/images/toltelek/Gelence2.jpg" width="94" height="147" border="2" />
    </td>
</tr>
</table>
</div>
</div>
</div>

<p>Vágfarkasd (Szlovákia) Vágfarkasd község Délnyugat-Szlovákiában, a Kisalföldön, a Vág folyó jobb partján fekszik. Közigazgatásilag a vágsellyei járáshoz tartozik. Északon Zsigárd, északkeleten Tardoskedd és Tótmegyer, délen Negyed, nyugaton Nádszeg és Királyrév községekkel szomszédos. Területe sík domborzatú. A Vág nyugati árterületén még fellelhetők a folyó eredeti holt medrei. A térség tengerszint feletti magassága 109 és 112 m [&hellip;]</p>
